8215992689 prime?
False
Is 4142232463 composite?
False
Is 5652852771 composite?
True
Is 498354523 a prime number?
False
Is 20314357637 composite?
True
Is 25930460609 prime?
False
Is 1426622735 composite?
True
Is 16672357081 a composite number?
False
Is 242235949685 a prime number?
False
Is 2842647319 a composite number?
False
Is 682726283 composite?
True
Is 104455614523 composite?
True
Is 57556069 prime?
False
Is 278303797 a composite number?
False
Is 595780928159 prime?
True
Is 6303411703 a prime number?
True
Is 11478387719 a composite number?
True
Is 71018505517 prime?
True
Is 617917159 a prime number?
True
Is 89556058927 composite?
True
Is 134904350897 a composite number?
True
Is 70851033301 prime?
True
Is 66761018 a prime number?
False
Is 95982474043 composite?
False
Is 7576157803 composite?
False
Is 898646657 composite?
False
Is 7140601541 a composite number?
True
Is 7503850351 a prime number?
True
Is 2205725099 composite?
False
Is 269770526 a composite number?
True
Is 87563087 prime?
False
Is 1386202663 composite?
True
Is 9682190327 a prime number?
True
Is 42221197 composite?
False
Is 6194778287 a prime number?
True
Is 15383677 composite?
False
Is 2395064561 a prime number?
False
Is 255989953 prime?
True
Is 26191374871 composite?
False
Is 6126800861 composite?
False
Is 333655331 a composite number?
False
Is 11740326257 composite?
True
Is 1554652837 composite?
True
Is 2733317351 a composite number?
False
Is 219535601539 a prime number?
True
Is 193606756345 prime?
False
Is 5622972869 composite?
True
Is 21371230753 prime?
True
Is 4089550973 a composite number?
False
Is 18474498881 composite?
False
Is 8398279163 composite?
False
Is 51379069141 a prime number?
False
Is 4025100713 a prime number?
True
Is 31888764413 composite?
True
Is 5780573713 a composite number?
False
Is 551094977 a composite number?
False
Is 4197020567 a prime number?
False
Is 2947735465 a prime number?
False
Is 19605176117 composite?
True
Is 14249821 a composite number?
False
Is 23202978223 a prime number?
False
Is 16568702013 a composite number?
True
Is 14803585327 prime?
True
Is 52688411 composite?
False
Is 1565381 a composite number?
False
Is 2207830243 a composite number?
False
Is 149738377 a composite number?
True
Is 15908454491 prime?
True
Is 18528746219 prime?
True
Is 51815069 prime?
False
Is 16707668158 a prime number?
False
Is 66499193 a prime number?
True
Is 22728443 a prime number?
True
Is 133467187507 composite?
True
Is 4460020823 a prime number?
False
Is 716718547 a prime number?
False
Is 125448481 composite?
True
Is 431546387 composite?
False
Is 1339262261 prime?
False
Is 15425018737 a prime number?
True
Is 767897927 composite?
False
Is 33296701661 a prime number?
True
Is 2093597743 a prime number?
True
Is 1723314787 a prime number?
False
Is 69552821661 prime?
False
Is 75721738913 a prime number?
False
Is 1288611151 prime?
True
Is 7315392479 a composite number?
True
Is 211518689 composite?
True
Is 21184794839 prime?
False
Is 8052551587 prime?
False
Is 9135614201 a composite number?
True
Is 4285384987 composite?
True
Is 2135832073 composite?
False
Is 1432644931 a prime number?
True
Is 4622683 a composite number?
True
Is 24248931607 a composite number?
True
Is 8954013 prime?
False
Is 43605830123 a prime number?
True
Is 59477995069 a composite number?
False
Is 4590373739 composite?
True
Is 223314253 a prime number?
False
Is 4894104889 a composite number?
False
Is 7687287409 a composite number?
True
Is 655182973 a prime number?
False
Is 477164283 composite?
True
Is 22838202037 composite?
True
Is 5284151 composite?
False
Is 35639713 a composite number?
True
Is 44501219333 prime?
True
Is 2797326551 prime?
False
Is 2790868387 a prime number?
False
Is 45626840657 a prime number?
False
Is 17539067297 prime?
False
Is 214211581229 a prime number?
False
Is 2763646367 a composite number?
True
Is 18297954839 a composite number?
False
Is 1404599107 a composite number?
False
Is 1077137059 a composite number?
False
Is 32362957171 a composite number?
True
Is 4732992691 composite?
True
Is 17361054355 prime?
False
Is 1966082621 composite?
True
Is 947987399 composite?
True
Is 5676285709 composite?
False
Is 939689903 a prime number?
True
Is 9767898771 composite?
True
Is 11133252841 composite?
False
Is 8679117023 a prime number?
False
Is 17382753191 a composite number?
True
Is 134511473 prime?
True
Is 4218739937 a composite number?
True
Is 8609288099 a composite number?
False
Is 14031361711 a prime number?
False
Is 634286476159 prime?
False
Is 19433208383 composite?
True
Is 14659744679 composite?
True
Is 1112886799 a composite number?
False
Is 22373452297 prime?
False
Is 5655818959 prime?
False
Is 24274271257 composite?
True
Is 126310989163 prime?
True
Is 1449910009 composite?
True
Is 13844772229 prime?
False
Is 66443169787 composite?
True
Is 1430237791 a composite number?
False
Is 1778117386 a composite number?
True
Is 10273155889 a prime number?
True
Is 1070839447 composite?
True
Is 2124985999 composite?
True
Is 6726660601 composite?
False
Is 1070318527 composite?
True
Is 7733022083 a prime number?
True
Is 30048770285 a composite number?
True
Is 697774523 a prime number?
True
Is 11056542395 a prime number?
False
Is 678063521 a prime number?
True
Is 5602667893 composite?
False
Is 35605483 a composite number?
True
Is 8891207131 prime?
True
Is 2753031769 a composite number?
True
Is 7132160247 prime?
False
Is 4138064947 a composite number?
True
Is 10949992853 composite?
True
Is 487966487 prime?
False
Is 157264031 prime?
True
Is 2206157519 composite?
True
Is 17860191239 prime?
False
Is 6122634637 prime?
False
Is 2114032639 a composite number?
False
Is 607538233 a prime number?
False
Is 23731437883 prime?
False
Is 387105331 composite?
False
Is 1264144913 a prime number?
False
Is 1523689103 prime?
False
Is 1110630611 prime?
False
Is 16462599355 a prime number?
False
Is 4990990367 prime?
False
Is 395659417 a composite number?
True
Is 15877007603 a prime number?
True
Is 810744119 prime?
True
Is 2424230099 prime?
True
Is 55486973221 composite?
False
Is 15648349427 composite?
True
Is 599378779 composite?
True
Is 8881040827 composite?
False
Is 1750651571 prime?
True
Is 29104457 a prime number?
False
Is 15034927 composite?
False
Is 35148811611 prime?
False
Is 29523586987 a prime number?
False
Is 116578193 a prime number?
True
Is 1646743543 composite?
False
Is 5047350479 a prime number?
True
Is 81943392463 prime?
True
Is 33946593029 composite?
True
Is 122391764731 a composite number?
False
Is 65673234431 prime?
False
Is 6141156601 prime?
True
Is 630721855 a prime number?
False
Is 66611218 composite?
True
Is 24874074413 a prime number?
True
Is 819684509 a prime number?
False
Is 195369817 prime?
True
Is 65695234729 a composite number?
False
Is 6935199787 a prime number?
True
Is 536679095 a prime number?
False
Is 3251417003 a prime number?
True
Is 460336729 prime?
False
Is 948480046 prime?
False
Is 6705514381 prime?
False
Is 319229273 a prime number?
False
Is 571138883 composite?
True
Is 1315733803 a composite number?
False
Is 5172118241 prime?
True
Is 443816218949 a composite number?
False
Is 1118578463 prime?
False
Is 34361339 prime?
True
Is 420812123 a composite number?
False
Is 460634411 a composite number?
False
Is 2236935581 prime?
True
Is 1999518457 a composite number?
False
Is 370160199737 composite?
False
Is 400329547 a composite number?
False
Is 54622669187 a prime number?
False
Is 3284702543 prime?
True
Is 659096483 a prime number?
True
Is 3351403229 a composite number?
True
Is 480251337 prime?
False
Is 5257425451 composite?
False
Is 157285769429 a prime number?
False
Is 389164361 composite?
True
Is 18951345013 composite?
True
Is 96267455189 prime?
True
Is 11549178829 a prime number?
True
Is 2790537287 prime?
True
Is 44791405837 prime?
False
Is 42705519287 a prime number?
False
Is 656307781 prime?
False
Is 24851508797 prime?
False
Is 2548746377 prime?
True
Is 5607483367 composite?
True
Is 282734351 composite?
False
Is 2096221423 prime?
True
Is 888295063 a prime number?
True
Is 676910809 prime?
False
Is 49367484535 composite?
True
Is 14322299197 a prime number?
True
Is 11741440331 a composite number?
True
Is 32682593887 prime?
False
Is 1796825587 prime?
False
Is 1494738649 a compo